. What is the units digit of c(-8)?
4
Let t(s) = 11*s + 26. Let b(m) = 4*m + 9. Let j(a) = -17*b(a) + 6*t(a). Let h(i) = -i**3 - 8*i**2 + 2*i + 12. Let d be h(-8). What is the tens digit of j(d)?
1
Let x(n) = n**3 + 7*n**2 + 4*n - 1. Let q(s) be the first derivative of 3*s**4/2 + s**3/3 + s**2/2 - 1. Let b be q(-1). What is the units digit of x(b)?
1
Let l(o) = -7*o**2 + 5*o + 59. Let u(y) = -8*y**2 + 6*y + 58. Let j(v) = 7*l(v) - 6*u(v). Let w be j(0). Suppose 0*f + 5*f - w = 0. What is the tens digit of f?
1
Let n(u) = u**2 + 6*u + 8. Suppose 3*v - 13 = -4*s, 0 = 4*s - 3*s + 2*v - 2. Suppose 4*q = -s*t - 40, -3*t + 2*t + 8 = -2*q. What is the units digit of n(q)?
8
Suppose -2*g + 17 = -3. Let c(d) = d**2. Let i be c(-2). Suppose -2*l + i = -g. What is the units digit of l?
7
What is the tens digit of (-4 + 2 + 3)*30?
3
Let l = 32 + 111. What is the tens digit of l?
4
Suppose p - 6*p - 105 = 0. Let l = p - -29. What is the units digit of l?
8
Suppose 0 = -p + 3*f + 22, 2*f - 75 = -4*p + 83. What is the tens digit of p?
3
Let p = -15 + 35. What is the tens digit of p?
2
Suppose 3*j - 6*j = -12. What is the units digit of j?
4
Let b = 4 + -2. Suppose -b*u = -5*u - q - 38, 4*u + 46 = q. Let o = 18 + u. What is the units digit of o?
6
Suppose 0 = -4*g + 6 + 22. What is the units digit of g?
7
Let c(d) = 1 + 6*d - 3*d + d**2 - 7. What is the units digit of c(4)?
2
Let q be 3/(-2)*2*-1. Suppose 0 = -3*p - t + 99, -p + 29 + 4 = 3*t. Suppose q*a + 0*s - p = 3*s, 4 = -a - 2*s. What is the units digit of a?
6
Suppose -11*c = -53 + 20. What is the units digit of c?
3
What is the tens digit of 3 + 1/3 + (-1400)/(-21)?
7
Let h(l) = -4*l + 5 + 5 + 5*l. Let y be h(-7). What is the units digit of y/2*12/3?
6
Suppose 3*g + 4*w - 16 = 0, -2*w + 6*w + 8 = 3*g. What is the units digit of (-6)/12 - (-34)/g?
8
Let p = 98 - 60. What is the tens digit of p?
3
Suppose z + 7 = 5*n - 2*n, 0 = 4*n + z - 14. Suppose y = 2*w, -5*w - n*y = -2*w + 18. Let j = w - -3. What is the units digit of j?
1
What is the units digit of 8/(-14)*(-28)/8?
2
Suppose -1 - 5 = -2*n. Suppose 0 = -v - n*v + 44. What is the tens digit of v?
1
Let x = 6 + -3. Suppose x*i - 5*f + 34 = 0, 4*i = -2*f + 3 - 31. Let a = i + 14. What is the units digit of a?
6
Let h(f) = f**2 + 2*f - 1. Let t(s) = 15*s**3 + s**2 - 2*s + 1. Let g be t(1). Let o be -6 + 5/(g/6). What is the units digit of h(o)?
7
Let k(j) = 32*j + 3. What is the units digit of k(3)?
9
Suppose -18 = -0*m - 3*m. Let v(g) = g**3 - 11*g**2 - 7*g - 14. Let o(f) = f**2 + 1. Let b(u) = -6*o(u) - v(u). What is the units digit of b(m)?
4
Let g(p) = 182*p**3 + p**2 - 2. What is the tens digit of g(1)?
8
Let n = 15 - 7. Let c = 11 - n. Suppose -c*h + 15 = -0*h. What is the units digit of h?
5
Let p(u) = u**3 + 7*u**2 + 3*u. Let s be p(-6). Let x = s - 8. What is the tens digit of x?
1
Suppose 18*z + 76 = 22*z. What is the tens digit of z?
1
Let l = -42 + 44. What is the units digit of l?
2
Let m = -64 - -108. What is the tens digit of m?
4
Let p(l) = -41*l + 1. Let x be p(-1). Suppose -3*k + 9 = 4*h - 19, 3*k - 3*h - x = 0. Let y = 18 - k. What is the units digit of y?
6
Suppose 5*r = -3*t - 0*r - 11, 0 = 4*t + 5*r + 18. Let b = t - -15. What is the units digit of b?
8
Let s(v) = 4*v**2 + 3*v + 2. Suppose 0 = -2*u - 2*c, 0 = -u - 2*c + 1 + 1. What is the units digit of s(u)?
2
Let u = -60 - -113. What is the tens digit of u?
5
Let a be 3 + (42/(-2))/3. What is the tens digit of (-58)/a + 9/(-6)?
1
Let p be (-459)/(-18) + (-2)/(-4). Let u = p + 7. What is the units digit of u?
3
Suppose 3*a + 547 - 188 = 5*m, 2*m - 144 = a. What is the units digit of m?
3
Let q(w) = 157*w**2 - 8*w - 1. What is the hundreds digit of q(1)?
1
Let z = -25 + 79. What is the tens digit of z?
5
Suppose 0 = h - 5*l + 6, 4*l + 3 - 4 = h. What is the tens digit of h?
1
Let y(q) = -15*q - 5. Let c be y(-4). Let p = -27 + c. Let t = -20 + p. What is the units digit of t?
8
Let h(c) = c**3 + 5*c**2 + 3*c - 4. Let v be h(-4). Suppose -y + 4*y + 18 = v. What is the units digit of (-66)/(-4)*y/(-9)?
1
Let m be (-4)/(-6) + (-21)/(-9). Suppose -s = -m*s + 68. What is the units digit of s?
4
Let j = 21 - -174. What is the hundreds digit of j?
1
Let o = -14 - -75. What is the tens digit of o?
6
Let w(t) = t**2 + t. Let r(h) = -5*h**2 + 5*h + 1. Let g(p) = r(p) + 4*w(p). Let c be g(9). Suppose c = -4*k + 13. What is the units digit of k?
3
Suppose 5*o - 51 = -f, -2*f - o + 88 = 2*o. What is the tens digit of f?
4
Let v(d) = -d**3 - 8*d**2 - d - 5. Let q(a) = 9*a + 1. Let w be q(-1). What is the units digit of v(w)?
3
Let m(j) be the first derivative of j**2 - 4*j - 3. Let s be m(3). Suppose 5*b - 5*x = 30, -b + 0*b = 3*x - s. What is the units digit of b?
5
Let q(d) = -7*d**2 + d + 8. Let i(p) = p**2. Let b(s) = 6*i(s) + q(s). What is the units digit of b(0)?
8
Let x be ((-36)/(-16))/(6/80). Suppose -2*m + 22 = -x. Suppose 4*g - 2*g = m. What is the tens digit of g?
1
Suppose 0 = m - 4*m - 5*a + 76, -5*m + 105 = 4*a. What is the tens digit of m?
1
Let f = -8 + 140. What is the units digit of f?
2
Let t = -59 + 91. What is the tens digit of t?
3
Suppose 2*b + 3*b = 30. Let h be (-1)/(-2)*(2 + -4). What is the units digit of (b - 0) + 1 + h?
6
Let m be (-4 - -7) + 1 + -2. Suppose -c - w = -19, 0 = m*c - 0*w + w - 35. What is the tens digit of c?
1
Let w(p) = -p**3 - 2*p**2 + p - 1. Let t be 33/(-12) - 2/8. What is the units digit of w(t)?
5
Suppose 363 = -6*y + 1947. What is the tens digit of y?
6
What is the tens digit of (49/(-2) + -6)*2*-1?
6
Let v(l) = 1. Suppose 4*r + 18 = -6. Let n(d) = -d - 17. Let t(s) = r*v(s) - n(s). What is the units digit of t(-6)?
5
Let o be 2/(-7) + (-51)/(-7). Let z(v) = -v**3 + 6*v**2 + 7*v - 2. Let m be z(o). Let n = m + 6. What is the units digit of n?
4
Let k(y) = y**2 - 4*y - 5. Let p be k(5). Suppose p*s + 48 = 4*s. Suppose s = 3*o - 6. What is the units digit of o?
6
Let d(w) = -w**2 + 10*w + 8. Let z be d(8). Let c = z - 14. Suppose 0 - c = -g. What is the tens digit of g?
1
What is the units digit of (-10)/(-35) + (-318)/(-14)?
3
Suppose -3*n - 287 = -5*z + 269, 3*z = 5*n + 340. Suppose -z - 18 = -4*k. What is the units digit of k?
2
What is the hundreds digit of 2/1 + (3 - 1 - -121)?
1
Suppose 14*z = 9*z + 600. Suppose 6 = 3*n, 5*d - z = n + 4*n. What is the units digit of d?
6
Suppose 4*t = -t + 50. Let f = 14 - t. Suppose -o - 4*b = -3*b - 11, -f*b = -o - 4. What is the units digit of o?
8
Suppose 5*c - 3*y - 4 - 6 = 0, 2*y = 3*c - 5. Suppose 5*s = -i + 31, -c*s = 5*i - 3*i - 42. What is the tens digit of 141/i + 6/33?
1
What is the tens digit of (-1 - 320/12)*-3?
8
Let u(w) = -w**3 - 4*w**2 + w + 3. Let j be (-1 + 2)*(0 - 5). What is the units digit of u(j)?
3
Let m = 11 - 9. Suppose 3*p = 6, -2*s + 32 = -p - m*p. What is the units digit of s?
9
Let v(z) = 48*z**2 + 4*z - 3. What is the units digit of v(1)?
9
Let u = -17 + 24. Let z(h) = -2 + 3 - 5 - u*h. What is the units digit of z(-3)?
7
Suppose 0 = -2*m - q - 6, 5*m + 15 = -0*m - 4*q. Let u be 3/(-18)*m*4. Suppose l - 4 = -2*n, -4*n - 4*l - u = -10. What is the units digit of n?
2
Suppose 2*k + 2*o - 34 = 6*o, -3*o = 4*k - 79. What is the units digit of k?
9
Let c(b) = b**3 - 6*b**2 + 2*b + 4. Let f be c(6). Suppose 4*u - 80 + f = x, -3*u - 2*x = -48. What is the units digit of u?
6
Suppose 0 = s - 5 + 1. Suppose -s*p = -2*p - 96. Suppose 3*o + o - p = 0. What is the units digit of o?
2
Let p(k) = -k**3 + 7*k**2 + 4. Let r be p(7). Suppose 0*m + 97 = r*b + m, 2*b - m = 53. What is the tens digit of b?
2
Let r(n) = -n**2 - 4*n - 4. Let x be r(-3). Suppose 5*c + 21 = 4*g, 25 = -5*g - 2*c - 2*c. What is the units digit of -11*(g - (x - -1))?
1
Suppose -2*l = 2*t + 24, -6 = l + 3*t + 14. Let g = 15 + l. What is the units digit of g?
7
Let o = -3 - -5. Let x = -9 + 15. What is the units digit of o/x - 4/(-6)?
1
Let t(r) = 55*r**2 + r + 1. Let l be t(-1). Suppose 7*b - 2*b = l. What is the tens digit of b?
1
Let g = -7 - -7. Suppose g = -3*y + l + 16, -2*y - 16 = -y + 5*l. What is the units digit of y?
4
What is the tens digit of 6 + -4 + -2 - -22?
2
Let p be (-1 + (-52)/8)*2. What is the tens digit of 55*-2*3/p?
2
Suppose -2*m - 129 = -5*m - 2*q, -5*m + 208 = q. What is the units digit of